 272. What are the prime factors of x?
2, 5, 7
Let m = -211 + 105. Let l = -48 - m. List the prime factors of l.
2, 29
Let o(g) = 5*g**2 + 2*g - 3. Let r be o(-3). Let z = r - 4. List the prime factors of z.
2
Let x be 8*((-3)/2 + 2). Suppose 6 = -5*j - x*i, -3*j + 4*i + 2 = 12. What are the prime factors of 20 - (1 + j)*1?
3, 7
Suppose 0 = -5*f + 5*f - 2*f. Suppose -194 + f = -t. What are the prime factors of t?
2, 97
Let o(s) = -s + 7. Let z be o(4). Suppose z*c = c + 118. List the prime factors of c.
59
What are the prime factors of 1291 - (-9 - -5 - -6)?
1289
Let i = 0 - -3. Suppose -30 = -l + i. Suppose 0*y + l = y. List the prime factors of y.
3, 11
Let i(w) = -5*w - 1. Let k be i(1). Let m be 0/k - (2 - -1). What are the prime factors of ((-98)/21)/(2/m)?
7
What are the prime factors of -1*(-15)/(-10)*(-19232)/24?
2, 601
Suppose 0 = -2*j - 2*o + 758 + 156, 4*o - 463 = -j. List the prime factors of j.
5, 7, 13
Suppose 253 = 5*z - 4*z + 3*o, 3*z = o + 799. Suppose -3*d + 5*p + z = 0, 2*p + 421 = 5*d + 4*p. List the prime factors of d.
5, 17
Let k(u) = -89*u + 1. Let a(c) = 90*c - 1. Let x(l) = 4*a(l) + 5*k(l). What are the prime factors of x(-1)?
2, 43
Suppose 0 = 3*a + 12, -4*u + 3*a + 4872 = -0*u. What are the prime factors of u?
3, 5
Suppose 266 = 2*w - 56. Suppose -6*h + 31 = -w. Suppose 0 = -5*d + 4*t + h, -7 - 10 = -5*d - t. List the prime factors of d.
2
Let c be ((-84)/(-49))/((-2)/(-14)). Suppose -3*u = -4*l - 2, -u - c = 4*u + l. List the prime factors of ((-35)/u)/(3/6).
5, 7
Suppose 6*z - 4 = 86. Suppose -2*w + z = 3*w, -311 = -4*t - w. What are the prime factors of t?
7, 11
Suppose -2*o - 1369 = -5*o + w, w = 4*o - 1825. List the prime factors of o.
2, 3, 19
Suppose -8*d + d = 0. Suppose d = -5*l + 19*l - 2856. List the prime factors of l.
2, 3, 17
Let x(o) = 138*o**2 + 62*o - 312. List the prime factors of x(5).
2, 431
Let h = 30 - 11. Suppose 4*c - 2*t + 60 = 150, c = 4*t + h. Suppose c = 3*j - 13. List the prime factors of j.
2, 3
Let i(u) = -26*u + 83. What are the prime factors of i(-11)?
3, 41
Let c(v) = 29*v**2 - 46*v + 18. What are the prime factors of c(8)?
2, 3, 251
Let x(v) = -v**2 - 12*v + 5. What are the prime factors of x(-11)?
2
List the prime factors of (2/(-8))/(6/(-7416)).
3, 103
Let y = 26 + -6. Let m be (-1)/(-1)*(y + 0). Suppose -m - 20 = -5*h. What are the prime factors of h?
2
Suppose 455*z + 282 = 457*z. List the prime factors of z.
3, 47
Suppose 16*z - 17*z = -66. Let r = z + -23. What are the prime factors of r?
43
Let u(c) = -c**3 - 11*c**2 - 9*c + 8. Let n be u(-11). Suppose 274 = 3*x + r, 3*x + 2*r - 165 = n. List the prime factors of x.
2, 23
Let a(v) = -57*v**2 + 4*v - 3. Let j(w) = -w + 1. Let o(x) = -a(x) - 3*j(x). What are the prime factors of o(-2)?
2, 5, 23
What are the prime factors of 1/(-2)*(-4 + 498)*-1?
13, 19
Let d = -1420 - -3211. List the prime factors of d.
3, 199
Suppose 28 = 5*v - 2. Let y(j) = 29*j + 6. Let t be y(v). Suppose -14*q = -9*q - t. List the prime factors of q.
2, 3
Let d(f) = -2*f**3 - 8*f**2 + f - 4. Let v be d(-4). Let o(k) = -2*k - 8. What are the prime factors of o(v)?
2
Let a = 7 + 13. List the prime factors of 14*a/(-3)*684/(-285).
2, 7
Let f(s) = -9*s**2 + 0 - 2 + s**3 + 0 + 9*s + 0*s**3. List the prime factors of f(9).
79
Suppose 26*a + 47487 = 59*a. What are the prime factors of a?
1439
Suppose -1545 = -6*z + 1605. Suppose 0*r - z = -5*v - 2*r, 2*r = -v + 113. List the prime factors of v.
103
Let b(j) = j**3 + 28*j**2 - 186*j + 10. List the prime factors of b(-31).
11, 263
Let a = 3 - -3. Let n(b) = -b**2 + 4*b - 2. Let g be n(a). What are the prime factors of (-331)/(-7) - g/(-49)?
47
Suppose -12 = -5*h + 13, 0 = -3*t + 3*h + 2262. What are the prime factors of t?
3, 11, 23
Let q(r) = -10*r + 5 - 20 + 10. What are the prime factors of q(-8)?
3, 5
What are the prime factors of -6*(-8)/(-96)*-2108?
2, 17, 31
Suppose 5*s - 4*z = -5*z + 1595, -3*s + 3*z = -939. What are the prime factors of s?
2, 3, 53
Let f(v) = 5*v - 5. Let h be (-4 + 1)/(-3) - 9. Let m(l) = l**3 + 7*l**2 - 9*l - 5. Let y be m(h). List the prime factors of f(y).
2, 5
Let i(f) = f**2 + 2*f + 2. Let j be i(-9). Suppose 5*y + j = 6*y. Suppose 2*a = 5*u + 30 + 27, 3*u - y = -5*a. List the prime factors of a.
2
What are the prime factors of (-4)/(-22) - 45960/(-110)?
2, 11, 19
Let w(x) be the second derivative of -5*x**3/2 + 13*x**2/2 + 10*x. What are the prime factors of w(-2)?
43
Suppose 13*j = 16*j + 9. List the prime factors of j/((-6)/184) - (-2 + 1).
3, 31
Suppose -4*l + 2199 = 3*j, -7*l = -2*j - 6*l + 1477. List the prime factors of j.
11, 67
Let s be (-1)/(4/180*15/24). Let m = s + 201. List the prime factors of m.
3, 43
Let c(f) = 79*f**3 - 2*f**2 - f - 4. Let m be c(2). Suppose -5*r - 3*u + m = -2*r, 4*u + 382 = 2*r. List the prime factors of r.
3, 67
Let k(v) = 26*v**3 - 9*v**3 - 6*v**2 - 7*v**3 - 6*v**3 + 3*v + 4. What are the prime factors of k(4)?
2, 11
Let s = -97 + 96. Let g(k) = -k - 24*k**3 - 2 - 1 + 2. List the prime factors of g(s).
2, 3
Let j = -19 - -21. Let l be j/(-11) + (-160)/88. Let i = l - -32. List the prime factors of i.
2, 3, 5
Let k be (-10)/65 + (-15)/(-13). List the prime factors of 3 + (k + -253)/(-4).
2, 3, 11
Let b = -221 - -543. List the prime factors of b.
2, 7, 23
Suppose 0*u - 2*s - 1405 = -5*u, 4*u = 4*s + 1112. List the prime factors of u.
283
Let h = -15 + 188. Let j = -109 + h. What are the prime factors of j?
2
Suppose -2*p + 0*b - 3*b = -248, -4*b - 113 = -p. Suppose 0 = -r + 3, -3*m - r + 230 = -p. List the prime factors of m.
2, 29
Let n(s) = 2036*s - 367. What are the prime factors of n(3)?
5741
Let z be (-2 - (56/(-4) - 2)) + 3. Suppose 109 = 5*s + u, -z = s - 2*s + u. List the prime factors of s.
3, 7
Suppose 4*h + 26 = -2. Let c = h + 12. Suppose -l + 2*u + 12 = 0, -c*l - 4*u - 46 = -148. List the prime factors of l.
2, 3
Let t = 920 + -139. What are the prime factors of t?
11, 71
Let w(u) = 11*u**2 - 36*u + 90. List the prime factors of w(14).
2, 13, 67
Let f(s) = -s**2 + 8*s - 6. Let z be f(5). Let h = 2 - z. Let x = h - -17. What are the prime factors of x?
2, 5
Let s be (-1)/4 + 13/4. Suppose -q + 59 = 3*o - 2*q, -s*q = -2*o + 37. Let a = -12 + o. What are the prime factors of a?
2
Let m(k) = -268*k**3 - 2*k**2 - 6*k - 7. Let u(h) = 537*h**3 + 3*h**2 + 11*h + 13. Let t(l) = -5*m(l) - 3*u(l). List the prime factors of t(-1).
271
Let k = 78 - 55. Suppose -17*w - 372 = -k*w. List the prime factors of w.
2, 31
Let n = 2504 - 1094. What are the prime factors of n?
2, 3, 5, 47
Suppose 4*f + 3885 = 7*t - 6*t, -f + 19509 = 5*t. List the prime factors of t.
47, 83
Suppose 0 = -q + 2, -27*o = -25*o - 4*q - 3112. What are the prime factors of o?
2, 3, 5, 13
List the prime factors of -4 + (11 + -13)*(1 + -125).
2, 61
Let j = -15 - -16. Let w = j + -1. Suppose q + w = 10. List the prime factors of q.
2, 5
Let i = 136 - -283. What are the prime factors of i?
419
Suppose -5*v + 39 = -6. Suppose -4*d = -v*d + 170. What are the prime factors of d?
2, 17
What are the prime factors of 100/16 + -7 + 291/4?
2, 3
Let u = 3152 - 1783. List the prime factors of u.
37
What are the prime factors of 318*(78/36 - 1)?
7, 53
Let l(h) = h**3 + 7*h**2 + 5*h + 2. Let j be l(-6). Let s = j - 6. Suppose s*i - 6*i + 168 = 0. What are the prime factors of i?
2, 3, 7
Let w(r) = -369*r - 10. Let p be w(-2). Suppose -9*o + p = 4*o. What are the prime factors of o?
2, 7
Let u be (-3)/(-24) - (-2527)/8. Suppose -x - u = -5*x - q, -q = 4. What are the prime factors of x?
2, 5
Let g = 614 - -906. What are the prime factors of g?
2, 5, 19
Suppose 15*n - 2178 = 12*n. Suppose 0 = -5*d + 4*f + 723, -3*f = -5*d - 0*f + n. List the prime factors of d.
3, 7
Suppose 7*n - 104 = 5*n. Suppose -5*m = -9*m + n. List the prime factors of m.
13
Suppose -61*k = -81431 - 30443. What are the prime factors of k?
2, 7, 131
Let a be (-202)/(-8) - (-2)/(-8). Let i be ((-246)/(-205))/((-4)/(-170)). Let r = i - a. What are the prime factors of r?
2, 13
Let c(i) = i**2 - 7*i - 17. Suppose -2*s + 5*s - 6 = 0. Let a be (-5 - -13)*3/s. What are the prime factors of c(a)?
43
Let r = 824 + -424. List the prime factors of r.
2, 5
Let y be 80 + (4 - (0 + 4)) + 4. Let b = 26 + -119. What are the prime factors o